{"id":72,"date":"2014-08-12T14:32:01","date_gmt":"2014-08-12T12:32:01","guid":{"rendered":"http:\/\/energiatan.hu\/?page_id=72"},"modified":"2026-03-19T15:09:05","modified_gmt":"2026-03-19T14:09:05","slug":"energetikai-tanacsadas","status":"publish","type":"page","link":"https:\/\/energiatan.hu\/?page_id=72","title":{"rendered":"Energetikai tan\u00e1csad\u00e1s"},"content":{"rendered":"<p style=\"text-align: justify;\"><a href=\"http:\/\/energiatan.hu\/wp-content\/uploads\/2014\/08\/tan\u00e1csad\u00e1s.jpg\"><img loading=\"lazy\" decoding=\"async\" class=\"size-thumbnail wp-image-80 alignright\" src=\"http:\/\/energiatan.hu\/wp-content\/uploads\/2014\/08\/tan\u00e1csad\u00e1s-150x150.jpg\" alt=\"tan\u00e1csad\u00e1s\" width=\"150\" height=\"150\" \/><\/a>Miel\u0151tt megl\u00e9v\u0151 <strong>\u00e9p\u00fclete fel\u00faj\u00edt\u00e1s\u00e1ba<\/strong>, illetve <strong>\u00faj \u00e9p\u00fclet megval\u00f3s\u00edt\u00e1s\u00e1ba<\/strong> fog, \u00e9s s\u00falyos \u00f6sszegeket ford\u00edtana a kivitelez\u00e9sre, \u00e9rdemes <strong>j\u00f3l \u00e1tgondolt tervet k\u00e9sz\u00edteni<\/strong> mind \u00e9p\u00edt\u00e9szeti, energetikai \u00e9s eszt\u00e9tikai szempontb\u00f3l.<\/p>\n<p style=\"text-align: justify;\">T\u00f6bb mint 20 \u00e9ves tervez\u0151i tapasztalattal \u00e9s t\u00f6bb tucat megval\u00f3sult \u00e9p\u00fclettel a h\u00e1tam m\u00f6g\u00f6tt rem\u00e9lhet\u0151leg a seg\u00edts\u00e9g\u00e9re lehetek, hogy p\u00e9nz\u00e9t j\u00f3l k\u00f6ltse el, amikor \u00e9p\u00edtkez\u00e9sbe vagy fel\u00faj\u00edt\u00e1sba kezd.<\/p>\n<p style=\"padding-left: 30px; text-align: justify;\">Sok esetben jelent\u0151s k\u00f6lts\u00e9gmegtakar\u00edt\u00e1st lehet el\u00e9rni az \u00e9p\u00fclet haszn\u00e1lat\u00e1t \u00e9rint\u0151 v\u00e1ltoztat\u00e1sokkal, amik semmi r\u00e1ford\u00edt\u00e1st nem ig\u00e9nyelnek, hanem ink\u00e1bb tudatos odafigyel\u00e9st.<\/p>\n<p style=\"padding-left: 30px; text-align: justify;\">Az energetikai tervez\u0151 programok seg\u00edts\u00e9g\u00e9vel a fel\u00faj\u00edt\u00e1s lehets\u00e9ges l\u00e9p\u00e9sei el\u0151re (ut\u00f3lagos homlokzati h\u0151szigetel\u00e9s, ny\u00edl\u00e1sz\u00e1r\u00f3csere, kieg\u00e9sz\u00edt\u0151 h\u0151szigetel\u00e9sek, g\u00e9p\u00e9szeti beruh\u00e1z\u00e1sok) felv\u00e1zolhat\u00f3ak mind megtakar\u00edt\u00e1s, mind k\u00f6lts\u00e9g vonatkoz\u00e1s\u00e1ban.<\/p>\n<p style=\"padding-left: 30px; text-align: justify;\">A kidolgozott vari\u00e1ci\u00f3kb\u00f3l kiv\u00e1laszthat\u00f3 az \u00d6nnek legkedvez\u0151bb megold\u00e1s, amit anyagilag megengedhet mag\u00e1nak \u00e9s m\u00e9gis a legnagyobb megtakar\u00edt\u00e1st eredm\u00e9nyezi.<\/p>\n<p style=\"padding-left: 30px; text-align: justify;\">\u00cdgy megalapozott d\u00f6nt\u00e9st tud hozni.<\/p>\n<p><a title=\"\u00c1raj\u00e1nlat\" href=\"http:\/\/energiatan.hu\/?page_id=42\">K\u00c9RJEN \u00c1RAJ\u00c1NLATOT<\/a><\/p>\n","protected":false},"excerpt":{"rendered":"<p>Miel\u0151tt megl\u00e9v\u0151 \u00e9p\u00fclete fel\u00faj\u00edt\u00e1s\u00e1ba, illetve \u00faj \u00e9p\u00fclet megval\u00f3s\u00edt\u00e1s\u00e1ba fog, \u00e9s s\u00falyos \u00f6sszegeket ford\u00edtana a kivitelez\u00e9sre, \u00e9rdemes j\u00f3l \u00e1tgondolt tervet k\u00e9sz\u00edteni mind \u00e9p\u00edt\u00e9szeti, energetikai \u00e9s eszt\u00e9tikai szempontb\u00f3l. T\u00f6bb mint 20 \u00e9ves tervez\u0151i tapasztalattal \u00e9s t\u00f6bb tucat megval\u00f3sult \u00e9p\u00fclettel a h\u00e1tam m\u00f6g\u00f6tt rem\u00e9lhet\u0151leg a seg\u00edts\u00e9g\u00e9re lehetek, hogy p\u00e9nz\u00e9t j\u00f3l k\u00f6ltse el, amikor \u00e9p\u00edtkez\u00e9sbe vagy fel\u00faj\u00edt\u00e1sba kezd. Sok [&hellip;]<\/p>\n","protected":false},"author":1,"featured_media":0,"parent":0,"menu_order":0,"comment_status":"closed","ping_status":"closed","template":"","meta":{"_monsterinsights_skip_tracking":false,"_monsterinsights_sitenote_active":false,"_monsterinsights_sitenote_note":"","_monsterinsights_sitenote_category":0,"footnotes":""},"class_list":["post-72","page","type-page","status-publish","hentry","post"],"_links":{"self":[{"href":"https:\/\/energiatan.hu\/index.php?rest_route=\/wp\/v2\/pages\/72","targetHints":{"allow":["GET"]}}],"collection":[{"href":"https:\/\/energiatan.hu\/index.php?rest_route=\/wp\/v2\/pages"}],"about":[{"href":"https:\/\/energiatan.hu\/index.php?rest_route=\/wp\/v2\/types\/page"}],"author":[{"embeddable":true,"href":"https:\/\/energiatan.hu\/index.php?rest_route=\/wp\/v2\/users\/1"}],"replies":[{"embeddable":true,"href":"https:\/\/energiatan.hu\/index.php?rest_route=%2Fwp%2Fv2%2Fcomments&post=72"}],"version-history":[{"count":6,"href":"https:\/\/energiatan.hu\/index.php?rest_route=\/wp\/v2\/pages\/72\/revisions"}],"predecessor-version":[{"id":162,"href":"https:\/\/energiatan.hu\/index.php?rest_route=\/wp\/v2\/pages\/72\/revisions\/162"}],"wp:attachment":[{"href":"https:\/\/energiatan.hu\/index.php?rest_route=%2Fwp%2Fv2%2Fmedia&parent=72"}],"curies":[{"name":"wp","href":"https:\/\/api.w.org\/{rel}","templated":true}]}}

Energetikai tanácsadás

<p style="text-align: justify;"><a href="http://energiatan.hu/wp-content/uploads/2014/08/tanácsadás.jpg"><img loading="lazy" decoding="async" class="size-thumbnail wp-image-80 alignright" src="http://energiatan.hu/wp-content/uploads/2014/08/tanácsadás-150x150.jpg" alt="tanácsadás" width="150" height="150" /></a>Mielőtt meglévő <strong>épülete felújításába</strong>, illetve <strong>új épület megvalósításába</strong> fog, és súlyos összegeket fordítana a kivitelezésre, érdemes <strong>jól átgondolt tervet készíteni</strong> mind építészeti, energetikai és esztétikai szempontból.</p>
<p style="text-align: justify;">Több mint 20 éves tervezői tapasztalattal és több tucat megvalósult épülettel a hátam mögött remélhetőleg a segítségére lehetek, hogy pénzét jól költse el, amikor építkezésbe vagy felújításba kezd.</p>
<p style="padding-left: 30px; text-align: justify;">Sok esetben jelentős költségmegtakarítást lehet elérni az épület használatát érintő változtatásokkal, amik semmi ráfordítást nem igényelnek, hanem inkább tudatos odafigyelést.</p>
<p style="padding-left: 30px; text-align: justify;">Az energetikai tervező programok segítségével a felújítás lehetséges lépései előre (utólagos homlokzati hőszigetelés, nyílászárócsere, kiegészítő hőszigetelések, gépészeti beruházások) felvázolhatóak mind megtakarítás, mind költség vonatkozásában.</p>
<p style="padding-left: 30px; text-align: justify;">A kidolgozott variációkból kiválasztható az Önnek legkedvezőbb megoldás, amit anyagilag megengedhet magának és mégis a legnagyobb megtakarítást eredményezi.</p>
<p style="padding-left: 30px; text-align: justify;">Így megalapozott döntést tud hozni.</p>
<p><a title="Árajánlat" href="http://energiatan.hu/?page_id=42">KÉRJEN ÁRAJÁNLATOT</a></p>

<p>Mielőtt meglévő épülete felújításába, illetve új épület megvalósításába fog, és súlyos összegeket fordítana a kivitelezésre, érdemes jól átgondolt tervet készíteni mind építészeti, energetikai és esztétikai szempontból. Több mint 20 éves tervezői tapasztalattal és több tucat megvalósult épülettel a hátam mögött remélhetőleg a segítségére lehetek, hogy pénzét jól költse el, amikor építkezésbe vagy felújításba kezd. Sok [&hellip;]</p>
